*3 - 22*k**2 + 25*k + 44. Let q be s(-23). What is the hundreds digit of (q + 2 + 8)*(-43)/(-2)?
1
Let g be 1 + ((-2)/(-2))/(-1). Suppose 5*t - 363 + 123 = g. What is the units digit of t?
8
Suppose -1 = b, 0 = 4*n + b - 5 - 6. Let r = 7 - 4. Suppose -17 = -4*m - n*q, 4*q = r*m - 6*m + 4. What is the units digit of m?
8
Let t(z) = z**2 - 22*z + 14. What is the hundreds digit of t(36)?
5
Let n = -3 + 7. Suppose n*r = 2*r + 12. Suppose -7*p = -r*p - 17. What is the units digit of p?
7
Let a(f) = -15*f**3 - 2*f**2 - 12*f - 6. Let m be a(-3). Suppose -x = -2*g + 281, -3*x = 3*g - 0*g - m. What is the units digit of g?
0
Let t = 768 - 414. What is the hundreds digit of t?
3
Suppose 3*r + 10728 = 3*q, 2*r + 7031 + 10849 = 5*q. What is the thousands digit of q?
3
Suppose -6*z = -6 - 48. Suppose f + 0*m = m + z, 3*f - 13 = -4*m. What is the units digit of f?
7
Suppose 3*y + 11 = 5*y - j, -5*y + 21 = 4*j. Suppose 217 - 32 = y*w. What is the tens digit of w?
3
Let r = 33 - 57. Let h be 15/45 - ((-134)/3 + 1). Let z = h + r. What is the tens digit of z?
2
Let y = -192 + 247. What is the units digit of y?
5
Suppose 6*v + v = 0. Suppose v*s = s + 5, 0 = -3*p - 5*s + 140. What is the units digit of p?
5
What is the tens digit of -1*(-6)/(-2) - (-484)/4?
1
Let k = 54 + -6. Let l = 29 + k. What is the units digit of l?
7
Let f(x) = -x**3 - x**2 + x + 1. Let h be f(0). What is the units digit of -4*h + (-375)/(-3)?
1
Let z(n) = -n + 5. Let d be z(6). What is the units digit of ((-28)/16)/(d/4)?
7
Let p(l) = l**2 - 2*l + 5. Let c be p(5). Suppose b = -3*w + c, -w = -b - b + 12. What is the units digit of (b/(-20))/(1/(-5))?
2
Let a = 11 + -11. Let w(y) = 2*y + 32. Let o be w(a). Suppose 0 = 5*s - o - 3. What is the units digit of s?
7
Let y = -32 + 15. What is the units digit of ((-2)/(-3))/((-1)/(y*3))?
4
Let y(j) = -44*j - 447. What is the hundreds digit of y(-52)?
8
Let x be (770 - 2)/(-6) + -2 + 0. Let t = 223 + x. What is the tens digit of t?
9
Let w(s) = -1080*s - 11. What is the tens digit of w(-1)?
6
Suppose a + 9*i = 4*i, 0 = 5*i. Suppose a = 3*p - 4*p - 3*f, -5*f - 34 = -4*p. What is the units digit of p?
6
Suppose -5*m = 10, 4*k - 2*m + 7*m = 322. Suppose 2*r + 2*r - 3*s + k = 0, 78 = -4*r - 2*s. Let z = -11 - r. What is the units digit of z?
9
Let x be 290/26 + 26/(-169). Let g(t) = -t**3 + 10*t**2 + 15*t - 16. What is the units digit of g(x)?
8
Let n = 2 - -6. Let j be 16/(-3)*(-12)/n. Suppose -8*h + 3*h - 3*b + j = 0, 2*b + 4 = -h. What is the units digit of h?
4
Let k(p) = p**3 - 4*p**2 - 6*p + 7. Let j be k(5). Suppose 102 = -3*d + 2*z, d + j*z + z + 23 = 0. Let u = d + 67. What is the tens digit of u?
3
Suppose 22458 - 7183 = 25*k. What is the hundreds digit of k?
6
What is the units digit of (61 - 59)*(-485)/(-2)?
5
Suppose -28*o + 40438 = -17186. What is the thousands digit of o?
2
Let l = -1 + -2. Let v(g) = 2*g**3 + 5*g**2 + 4*g + 2. Let d be v(l). Let m = d - -31. What is the tens digit of m?
1
Suppose 0 = 2*l - 2, 3*l = 4*b - 0*l - 9. Suppose b*n - w - 271 = 0, 3*n - 2*w - 251 = 3*w. What is the tens digit of n?
9
Let r be (-203 - 0) + 24/8. Let z be -2*1*r/4. Suppose -c + z = 3*c. What is the units digit of c?
5
Let g(k) be the first derivative of -k**2 - 12*k + 20. What is the units digit of g(-7)?
2
Suppose 3*b + 9*m - 2553 = 12*m, -5*m + 15 = 0. What is the tens digit of b?
5
Suppose -40266 = -20*j + 534. What is the tens digit of j?
4
What is the tens digit of (-5 - -9)/2 - -194?
9
Suppose 7*w = -63 + 70. Let p(k) = k**3 + 5*k**2 + k - 4. Let m be p(-4). What is the tens digit of (-3 + w)/(m/(-172))?
4
Let y(p) = -94*p - 356. What is the thousands digit of y(-26)?
2
Suppose -950*t + 940*t = -17360. What is the hundreds digit of t?
7
Let d(l) = l**2 + 4*l + 5. Let r be d(-7). Let b = 31 - r. Suppose b*w + 30 = 135. What is the units digit of w?
1
Suppose t - 4*i - 32 = 0, 3*t + 6*i - 11 = i. Suppose -t = -4*z + z. What is the units digit of z/6*297/22?
9
Let x = 6 - 3. What is the units digit of 82/x + 4/6?
8
Let d = 125 - -1279. What is the hundreds digit of d?
4
Let u(a) = 185*a + 13. Let o be u(4). Suppose 0 = -9*v + 444 + o. What is the hundreds digit of v?
1
Let i(b) = 3*b**2 - 11*b + 2. Let c be i(6). Let d(k) = k**3 + 4*k**2 + 2*k - 1. Let n be d(-3). Suppose c = -n*w + 3*w. What is the tens digit of w?
4
Let h = -33 + 62. Let i be h - (-8)/(-7 + 3). Let z = i + -10. What is the tens digit of z?
1
Suppose 0*z - 18 = -3*w + 3*z, z = 5*w - 14. Suppose 8*c - w - 14 = 0. Suppose -2*h = c*h - 240. What is the units digit of h?
0
Suppose 0 = 84*r - 80*r - 1168. What is the hundreds digit of r?
2
Suppose 6*u = 2*a + 4*u + 2, -4*u = -3*a - 6. Let y be (a + (-88)/20)*20. What is the tens digit of 1*7/((-21)/y)?
1
Let b = -86 - -162. What is the units digit of b?
6
Let f = -20 + 24. Suppose 0 = -f*d - d + 15. What is the units digit of (-57)/(-9)*d/1?
9
What is the tens digit of (-188208)/(-84) + 13 - 3/(-7)?
5
Let i = -473 - -186. Let g = i - -205. What is the units digit of 4*(-3 - g/8)?
9
Let c(f) = -4*f - 32. Let k be c(-7). What is the hundreds digit of (-1 + k/(-1))*7264/96?
2
Let o be 4/2 - (-3 + 2). Suppose o*a + 10 - 91 = 0. Suppose -4*p + a = -29. What is the tens digit of p?
1
Let l = 13 + -1. Suppose -u + l = 3*u. Suppose 0 = -h - 3*a - 4, 6*h - 2*h - u*a - 44 = 0. What is the units digit of h?
8
Let q(u) = -36*u + 4. Let d be q(-2). Let s = -38 + d. What is the tens digit of s?
3
What is the thousands digit of ((-4935)/12)/(((-39)/12)/13)?
1
Suppose -71862 = -196*a + 167*a. What is the units digit of a?
8
Let n(h) = -h**3 + 7*h**2 - h + 10. Suppose t = -0*t + 7. Let k be n(t). Suppose -4*w + 3*o + 277 = 0, 5*w - 5*o = k*w + 149. What is the units digit of w?
7
Suppose 2*x - 25 = -3*x, 2*b - 9 = -x. Suppose 535 = b*j + 151. What is the hundreds digit of j?
1
Suppose 472 + 3818 = 10*w. What is the units digit of w?
9
Let h(q) = 5*q**2 + q - 95*q**3 + 62*q**3 - 3*q**2. What is the units digit of h(-1)?
4
Let c = -15 + 21. Suppose -c = -y - 1. Let q = 46 + y. What is the units digit of q?
1
Suppose 3*a + 0*a = o - 43, 4*a - 22 = -o. Let c = -34 + o. Suppose c = -2*w - 10, 0*d + d - 3*w - 17 = 0. What is the units digit of d?
2
Let n = 27 - -23. Suppose m + n = 2*j - 0*j, 5*m = -3*j + 75. Let a = -14 + j. What is the tens digit of a?
1
Suppose -36*o = -30*o + 12. What is the hundreds digit of -6*((-492)/24 - o/4)?
1
Let o(p) = p**2 + 10*p + 5. Let t be o(-11). Suppose -8 = -4*v + t. What is the units digit of v?
6
What is the hundreds digit of 1/(59470/19820 + -3)?
9
Suppose -2*k - 3*w + 854 = 0, 224 = 5*k - 2*w - 1873. What is the hundreds digit of k?
4
Let o(n) = n**3 + 6*n + 3. What is the tens digit of o(5)?
5
Let f(v) = 15*v - 15. Suppose 6*d - 8 = 4*d. What is the tens digit of f(d)?
4
Let b = -415 + 246. Let p = -78 - b. What is the units digit of p?
1
Let q = 501 + -243. Suppose 0 = 2*s - w + 3*w - 120, -4*s = -2*w - q. What is the units digit of s?
3
Let d be (-70)/20*12/(-14). Suppose -112 = -d*f + 5*g, f - g - 36 = -0*f. What is the units digit of f?
4
Let x be (5/2)/((-4)/(-24)). Let o = -20 - x. Let i = o - -49. What is the units digit of i?
4
What is the tens digit of (5/10)/(-1)*-474?
3
Let r(f) = -5*f**2 - f**3 + 24*f - 31*f + f**2 - 5 + 0*f**2. What is the tens digit of r(-5)?
5
Suppose -3*i + i = 2*h, -8 = -4*i. Let t(g) = g**2 - 1. Let r be t(h). Suppose 7*w - 22 = -2*d + 3*w, 5*w = -r*d + 30. What is the units digit of d?
5
Let u = 1 - -9. Let r = 232 - 236. What is the units digit of u/20 + (-34)/r?
9
Suppose -564 - 144 = -3*d. Suppose d = 4*v - 228. What is the hundreds digit of v?
1
Let u = 1614 - -395. What is the hundreds digit of u?
0
Suppose -2021 = -5*x - 831. What is the hundreds digit of x?
2
Let u be -2 - -2*1/2. Suppose 6*k = 14*k - 24. Let v = u + k. What is the units digit of v?
2
Let j(l) = 24*l + 7. Let t be j(-2). Let i = t + 91. What is the units digit of i?
0
Let f = 100 + -50. Suppose 0 = 2*m - 6. Suppose -i + 47 = 2*x, -5*x + f = m*i - 2*i. What is the tens digit of i?
4
Suppose 4*i - i = 9, 4*i = 3*w - 6867. What is the tens digit of w?
9
Let q(m) = -7*m**2 - 2*m - 2. Let n be q(-2). Let l be (-2 - 3)/(1 - 2 - -2). Let i = l - n. What is the units digit of i?
1
Let c be -1*3*(-3)/9. 